{"id":7,"date":"2018-02-22T19:42:33","date_gmt":"2018-02-22T18:42:33","guid":{"rendered":"https:\/\/www.igs-nienburg-e.eu\/Zeitung\/?page_id=7"},"modified":"2018-05-22T11:53:39","modified_gmt":"2018-05-22T09:53:39","slug":"noch-eine-seite","status":"publish","type":"page","link":"https:\/\/www.igs-nienburg-e.eu\/blaetterwald\/noch-eine-seite\/","title":{"rendered":"\u00dcber uns"},"content":{"rendered":"<p><img loading=\"lazy\" decoding=\"async\" class=\" wp-image-17 alignleft\" src=\"https:\/\/www.igs-nienburg-e.eu\/blaetterwald\/wp-content\/uploads\/2018\/02\/zeitungerw-300x292.jpg\" alt=\"\" width=\"94\" height=\"91\" srcset=\"https:\/\/www.igs-nienburg-e.eu\/blaetterwald\/wp-content\/uploads\/2018\/02\/zeitungerw-300x292.jpg 300w, https:\/\/www.igs-nienburg-e.eu\/blaetterwald\/wp-content\/uploads\/2018\/02\/zeitungerw-768x747.jpg 768w, https:\/\/www.igs-nienburg-e.eu\/blaetterwald\/wp-content\/uploads\/2018\/02\/zeitungerw-1024x996.jpg 1024w, https:\/\/www.igs-nienburg-e.eu\/blaetterwald\/wp-content\/uploads\/2018\/02\/zeitungerw.jpg 1089w\" sizes=\"auto, (max-width: 94px) 100vw, 94px\" \/>Wir sind ein Team von Sch\u00fclerinnen und Sch\u00fclern der IGS Nienburg und betreiben den Blog &#8222;Bl\u00e4tterwald&#8220; als Werkstatt unter der Leitung unseres Lehrers Herrn Wagner. Wir berichten unparteiisch \u00fcber Themen des Schulalltags. Mit Artikeln zu Veranstaltungen, Vereinen und Projekten ausserhalb der Schule schauen wir aber auch ab und an \u00fcber den Tellerrand hinaus.<\/p>\n","protected":false},"excerpt":{"rendered":"<div class=\"mh-excerpt\"><p>Wir sind ein Team von Sch\u00fclerinnen und Sch\u00fclern der IGS Nienburg und betreiben den Blog &#8222;Bl\u00e4tterwald&#8220; als Werkstatt unter der Leitung unseres Lehrers Herrn Wagner. <a class=\"mh-excerpt-more\" href=\"https:\/\/www.igs-nienburg-e.eu\/blaetterwald\/noch-eine-seite\/\" title=\"\u00dcber uns\">[&#8230;]<\/a><\/p>\n<\/div>","protected":false},"author":2,"featured_media":0,"parent":0,"menu_order":1,"comment_status":"closed","ping_status":"closed","template":"","meta":{"footnotes":""},"class_list":["post-7","page","type-page","status-publish","hentry"],"_links":{"self":[{"href":"https:\/\/www.igs-nienburg-e.eu\/blaetterwald\/wp-json\/wp\/v2\/pages\/7","targetHints":{"allow":["GET"]}}],"collection":[{"href":"https:\/\/www.igs-nienburg-e.eu\/blaetterwald\/wp-json\/wp\/v2\/pages"}],"about":[{"href":"https:\/\/www.igs-nienburg-e.eu\/blaetterwald\/wp-json\/wp\/v2\/types\/page"}],"author":[{"embeddable":true,"href":"https:\/\/www.igs-nienburg-e.eu\/blaetterwald\/wp-json\/wp\/v2\/users\/2"}],"replies":[{"embeddable":true,"href":"https:\/\/www.igs-nienburg-e.eu\/blaetterwald\/wp-json\/wp\/v2\/comments?post=7"}],"version-history":[{"count":6,"href":"https:\/\/www.igs-nienburg-e.eu\/blaetterwald\/wp-json\/wp\/v2\/pages\/7\/revisions"}],"predecessor-version":[{"id":253,"href":"https:\/\/www.igs-nienburg-e.eu\/blaetterwald\/wp-json\/wp\/v2\/pages\/7\/revisions\/253"}],"wp:attachment":[{"href":"https:\/\/www.igs-nienburg-e.eu\/blaetterwald\/wp-json\/wp\/v2\/media?parent=7"}],"curies":[{"name":"wp","href":"https:\/\/api.w.org\/{rel}","templated":true}]}}