{"id":247,"date":"2018-05-22T11:29:49","date_gmt":"2018-05-22T09:29:49","guid":{"rendered":"https:\/\/www.igs-nienburg-e.eu\/Zeitung\/?page_id=247"},"modified":"2018-05-22T11:53:28","modified_gmt":"2018-05-22T09:53:28","slug":"datenschutzerklaerung","status":"publish","type":"page","link":"https:\/\/www.igs-nienburg-e.eu\/blaetterwald\/datenschutzerklaerung\/","title":{"rendered":"Datenschutzerkl\u00e4rung"},"content":{"rendered":"<h2>Wer wir sind<\/h2>\n<p>Die Adresse unserer Website ist: https:\/\/www.igs-nienburg-e.eu\/blaetterwald. Wir sind eine Werkstatt, an anderen Schulen Arbeitsgemeinschaft (AG) genannt. Wir berichten zu verschiedenen Themen in und um die IGS Nienburg in Text, Bild und Ton.<\/p>\n<h2>Welche personenbezogenen Daten wir sammeln und warum wir sie sammeln<\/h2>\n<h3>Kommentare<\/h3>\n<p>Kommentare k\u00f6nnen auf unserem Blog nicht abgegeben werden, das Kommentierungssystem ist deaktiviert. Wer uns erreichen m\u00f6chte, kann in der Schule direkt mit uns Kontakt aufnehmen.<\/p>\n<h3>Medien<\/h3>\n<p>Wenn du ein registrierter Benutzer bist und Fotos auf diese Website l\u00e4dst, solltest du vermeiden, Fotos mit einem EXIF-GPS-Standort hochzuladen. Besucher dieser Website k\u00f6nnten Fotos, die auf dieser Website gespeichert sind, herunterladen und deren Standort-Informationen extrahieren.<\/p>\n<h3>Kontaktformulare<\/h3>\n<p>Wir stellen keine Kontaktformulare zur Verf\u00fcgung. Wer Kontakt aufnehmen m\u00f6chte, tut dies direkt in der Schule oder per email an blaetterwald@igs-nienburg.eu.<\/p>\n<h3>Cookies<\/h3>\n<p>Falls du ein Konto hast und dich auf dieser Website anmeldest, werden wir ein tempor\u00e4res Cookie setzen, um festzustellen, ob dein Browser Cookies akzeptiert. Dieses Cookie enth\u00e4lt keine personenbezogenen Daten und wird verworfen, wenn du deinen Browser schlie\u00dft.<\/p>\n<p>Wenn du dich anmeldest, werden wir einige Cookies einrichten, um deine Anmeldeinformationen und Anzeigeoptionen zu speichern. Anmelde-Cookies verfallen nach zwei Tagen und Cookies f\u00fcr die Anzeigeoptionen nach einem Jahr. Falls du bei der Anmeldung \u201eAngemeldet bleiben\u201c ausw\u00e4hlst, wird deine Anmeldung zwei Wochen lang aufrechterhalten. Mit der Abmeldung aus deinem Konto werden die Anmelde-Cookies gel\u00f6scht.<\/p>\n<p>Wenn du einen Artikel bearbeitest oder ver\u00f6ffentlichst, wird ein zus\u00e4tzlicher Cookie in deinem Browser gespeichert. Dieser Cookie enth\u00e4lt keine personenbezogenen Daten und verweist nur auf die Beitrags-ID des Artikels, den du gerade bearbeitet hast. Der Cookie verf\u00e4llt nach einem Tag.<\/p>\n<h3>Eingebettete Inhalte von anderen Websites<\/h3>\n<p>Beitr\u00e4ge auf dieser Website k\u00f6nnen eingebettete Inhalte beinhalten (z.\u00a0B. Videos, Bilder, Beitr\u00e4ge etc.). Eingebettete Inhalte von anderen Websites verhalten sich exakt so, als ob der Besucher die andere Website besucht h\u00e4tte.<\/p>\n<p>Diese Websites k\u00f6nnen Daten \u00fcber dich sammeln, Cookies benutzen, zus\u00e4tzliche Tracking-Dienste von Dritten einbetten und deine Interaktion mit diesem eingebetteten Inhalt aufzeichnen, inklusive deiner Interaktion mit dem eingebetteten Inhalt, falls du ein Konto hast und auf dieser Website angemeldet bist.<\/p>\n<h3>Analysedienste<\/h3>\n<p>Wir verwenden keine Analysedienste.<\/p>\n<h2><\/h2>\n<h2>Mit wem wir deine Daten teilen<\/h2>\n<p>Wir teilen unsere Daten nicht.<\/p>\n<h2>Wie lange wir deine Daten speichern<\/h2>\n<p>F\u00fcr Benutzer, die sich auf unserer Website registrieren, speichern wir zus\u00e4tzlich die pers\u00f6nlichen Informationen, die sie in ihren Benutzerprofilen angeben. Alle Benutzer k\u00f6nnen jederzeit ihre pers\u00f6nlichen Informationen einsehen, ver\u00e4ndern oder l\u00f6schen (der Benutzername kann nicht ver\u00e4ndert werden). Administratoren der Website k\u00f6nnen diese Informationen ebenfalls einsehen und ver\u00e4ndern.<\/p>\n<h2>Welche Rechte du an deinen Daten hast<\/h2>\n<p>Wenn du ein Konto auf dieser Website besitzt, kannst du einen Export deiner personenbezogenen Daten bei uns anfordern, inklusive aller Daten, die du uns mitgeteilt hast. Dar\u00fcber hinaus kannst du die L\u00f6schung aller personenbezogenen Daten, die wir von dir gespeichert haben, anfordern. Dies umfasst nicht die Daten, die wir aufgrund administrativer, rechtlicher oder sicherheitsrelevanter Notwendigkeiten aufbewahren m\u00fcssen.<\/p>\n<h2>Deine Kontakt-Informationen<\/h2>\n<p>Deine Kontaktinformationen beschr\u00e4nken sich auf die Daten, die du selbst in deinem Profil eintr\u00e4gst. Notwendig ist die Eintragung deines Klarnamens, unter dem du deine Artikel ver\u00f6ffentlichst und deine IServ-email-Adresse<\/p>\n<h2>Weitere Informationen<\/h2>\n<h3>Wie wir deine Daten sch\u00fctzen<\/h3>\n<p>Deine Profildaten sind nur f\u00fcr den Administrator des Blogs und den Werkstattleiter einsehbar. Sie beschr\u00e4nken sich auf deinen Namen und die IServ-email-Adresse. Diese Daten sind f\u00fcr alle Personen in der Schule frei verf\u00fcgbar. Mit der Ver\u00f6ffentlichung eines deines Artikels bist du automatisch mit der dazugeh\u00f6rigen Ver\u00f6ffentlichung deines Klarnamens\u00a0 einverstanden. Wir ver\u00f6ffentlichen keine Artikel anonym oder unter Synonym!<\/p>\n<h3>Welche Ma\u00dfnahmen wir bei Datenschutzverletzungen anbieten<\/h3>\n<p>Da wir nur Informationen anbieten, aber keine personenbezogenen Daten sammeln, sind wir \u00fcberzeugt, dass es keine Datenschutzverletzung bei der lesenden Nutzung unserer Seite geben kann. Sollte es durch die bereitgestellten Informationen zu einer Verletzung des Datenschutzes gekommen sein, werden wir den Mangel nach einem berechtigten Hinweis unverz\u00fcglich beheben.<\/p>\n<h3>Von welchen Drittanbietern wir Daten erhalten<\/h3>\n<p>Wir erhalten keine Daten von Drittanbietern.<\/p>\n","protected":false},"excerpt":{"rendered":"<div class=\"mh-excerpt\"><p>Wer wir sind Die Adresse unserer Website ist: https:\/\/www.igs-nienburg-e.eu\/blaetterwald. Wir sind eine Werkstatt, an anderen Schulen Arbeitsgemeinschaft (AG) genannt. Wir berichten zu verschiedenen Themen in <a class=\"mh-excerpt-more\" href=\"https:\/\/www.igs-nienburg-e.eu\/blaetterwald\/datenschutzerklaerung\/\" title=\"Datenschutzerkl\u00e4rung\">[&#8230;]<\/a><\/p>\n<\/div>","protected":false},"author":1,"featured_media":0,"parent":0,"menu_order":3,"comment_status":"closed","ping_status":"closed","template":"","meta":{"footnotes":""},"class_list":["post-247","page","type-page","status-publish","hentry"],"_links":{"self":[{"href":"https:\/\/www.igs-nienburg-e.eu\/blaetterwald\/wp-json\/wp\/v2\/pages\/247","targetHints":{"allow":["GET"]}}],"collection":[{"href":"https:\/\/www.igs-nienburg-e.eu\/blaetterwald\/wp-json\/wp\/v2\/pages"}],"about":[{"href":"https:\/\/www.igs-nienburg-e.eu\/blaetterwald\/wp-json\/wp\/v2\/types\/page"}],"author":[{"embeddable":true,"href":"https:\/\/www.igs-nienburg-e.eu\/blaetterwald\/wp-json\/wp\/v2\/users\/1"}],"replies":[{"embeddable":true,"href":"https:\/\/www.igs-nienburg-e.eu\/blaetterwald\/wp-json\/wp\/v2\/comments?post=247"}],"version-history":[{"count":1,"href":"https:\/\/www.igs-nienburg-e.eu\/blaetterwald\/wp-json\/wp\/v2\/pages\/247\/revisions"}],"predecessor-version":[{"id":248,"href":"https:\/\/www.igs-nienburg-e.eu\/blaetterwald\/wp-json\/wp\/v2\/pages\/247\/revisions\/248"}],"wp:attachment":[{"href":"https:\/\/www.igs-nienburg-e.eu\/blaetterwald\/wp-json\/wp\/v2\/media?parent=247"}],"curies":[{"name":"wp","href":"https:\/\/api.w.org\/{rel}","templated":true}]}}